 1 - 6. Give v(-2).
1
Let h = 8 + -4. Suppose -11 = -2*f + i, -1 - 3 = -h*i. Let x(d) = d - 10. Determine x(f).
-4
Let h(o) be the third derivative of -o**6/120 + o**5/12 - o**4/24 - 2*o**3/3 - o**2. Calculate h(5).
-9
Let u(o) = o**2 - 3*o + 1. Suppose 15*h - 40 - 5 = 0. Calculate u(h).
1
Let f(b) = 2*b**2 + 3*b + 1. Let v be f(-2). Suppose -t + 1 = -v. Let r(g) = -4*g + 5. Give r(t).
-11
Suppose -9 = -4*s + 11. Suppose -1 + 26 = s*y. Let a(w) = 3*w - 2. Determine a(y).
13
Suppose 67 = -16*t - 45. Let c(l) be the second derivative of l**3/3 + 5*l**2 + l. Give c(t).
-4
Let u(i) = -4*i + 5*i - 2*i + 5*i + i**2 - 5. Suppose 3*h = -h. Suppose 2*k = -h*k - 10. What is u(k)?
0
Let l be -3 - (26/(-195))/((-16)/(-365)). Let b(m) be the third derivative of -l*m**4 - 4/3*m**3 + 0 + 3*m**2 + 0*m. What is b(-6)?
-2
Suppose 0*p = 3*p + t - 50, -50 = -5*p + 5*t. Let q(d) = 22*d - p*d - 2*d**2 - 6 + d**2. What is q(5)?
4
Let o(j) = -j**3 - j**2 - 7. Let g(a) = 5*a - 6. Let w(q) = 4*q - 6. Let x(y) = -5*g(y) + 6*w(y). Suppose v + 5 = -1. Let c be x(v). Give o(c).
-7
Let r(p) = -p**3 + 6*p**2 - 6*p + 7. Let f be r(5). Let j = 83 + -80. Suppose -5*q + 15 = -3*l, j*l + f*q = -10 - 5. Let w(n) = -n**2 - 5*n + 5. Give w(l).
5
Let z be 2/(8/4) + -5. Let b(i) be the first derivative of i**4/4 + i**3 - i**2 + i + 1. What is b(z)?
-7
Let w(n) = -n**3 - 5*n**2 - n + 2. Let s(z) = -z**3 - 3*z**2 + 1. Suppose -2*x + 10 = 0, -3*j - x = 1 + 3. Let u be s(j). Suppose 4*b + 21 = u. Calculate w(b).
7
Let u(x) = -9*x**2 - 2*x + 3. Let p(m) = 2*m**2 + m - 1. Let y(r) = 5*p(r) + u(r). Suppose -2*z - t = 3*t + 28, 0 = -z + 3*t + 11. Determine y(z).
2
Let y be -2 - 1/((-3)/6). Let r(v) = -4 + 4*v**2 + 8 - v**3 + 6*v + y*v. Let u be ((-5)/(-3))/((-1)/(-3)). Determine r(u).
9
Let k be (2/(-6))/((-5)/60). Let t(g) be the first derivative of -g**3/3 + 5*g**2/2 - g - 15. Calculate t(k).
3
Let x = 1 - 7. Let h = x - -1. Let g(y) be the second derivative of y**3/6 + 3*y**2 + 2*y. Calculate g(h).
1
Let u be ((-12)/(-15))/((-10)/(-325)). Suppose 6*v + 8 = u. Let p(x) = x**3 - 3*x**2 - x - 3. Calculate p(v).
-6
Let j(l) = -l**3 - 6*l**2 - l - 3. Let t be j(-6). Suppose -4*p = -t*p - 9. Let i = p + -6. Let u(c) = 2*c - 4. Determine u(i).
2
Let r(c) = c**3 - c**2 - 2*c. Suppose -w - w = -2. Suppose 2*z - 3*z - w = 0. Let o = z + 3. What is r(o)?
0
Let f(g) = 3*g**2 - 7*g - 3. Let d(y) = 4*y**2 - 7*y - 3. Let t(l) = -4*d(l) + 5*f(l). What is t(-5)?
7
Let j(f) = -10 - 2*f + 9 - 6 + 0*f. Give j(-5).
3
Let y(j) = -j + 2. Let g be 2 - 3 - ((-4 - -2) + 0). Give y(g).
1
Let j(g) be the second derivative of -5*g**3/6 + g**2 - g. Suppose 2*a + 2*a - 8 = 0. Calculate j(a).
-8
Let l be (((-3)/(-3))/(-1))/(-1). Let t(h) = -2*h + h**2 + 3 + l + 0*h**2. What is t(3)?
7
Suppose -3 - 5 = r. Let p = -8 - r. Let x(d) = -d**2 + 5. Give x(p).
5
Let f(o) = 6*o. Suppose -2*g + 3*i = 19, 4*i - 28 = -2*g + 6*g. Give f(g).
-12
Let a(j) be the first derivative of -j**4/4 + 5*j**3/3 - j**2 - 2*j - 42. What is a(3)?
10
Let t = -27 - -28. Suppose -5 = -2*q - t. Let p(o) be the second derivative of o**4/12 - o**3/3 + o**2/2 + o. Give p(q).
1
Suppose -3*o - 15 = 0, -2*o + 0 - 4 = 3*s. Let n(y) = 2*y**3 + y**2 + 0*y**s - y + 2 - 3*y**2. Let v(w) = w**3 + 4*w**2 - 2*w - 6. Let m be v(-4). What is n(m)?
8
Let v(g) = 4*g - 22. Let l be v(9). Let a(p) = -13*p + 6 + l*p - 1. Give a(4).
9
Suppose 5*h + 0*h - 30 = 0. Suppose -h + 4 = n. Let x(s) = -s**2 + s + 1. Let y(b) = -2*b**2 + 7*b + 6. Let q(m) = 5*x(m) - y(m). Give q(n).
-9
Let h(m) = m**2 - 16*m - 2. Let a be h(16). Let r(t) = 2*t**3 + 3*t**2 + 2*t + 1. Give r(a).
-7
Let x(v) = 2*v. Let k(b) = -3*b + 1. Let i(h) = -4*k(h) - 5*x(h). Give i(4).
4
Let n(a) = 8*a + 2. Let q be n(-1). Let l(m) = m**3 + 6*m**2 - m - 4. Calculate l(q).
2
Let d(n) = -n + 11. Let s = 23 + -25. Let l(m) = -4*m. Let u be l(s). What is d(u)?
3
Suppose 6 = r + 2*r. Let k be -12*(r/(-4) + 0). Let p(z) = 2*z + 0*z**2 + 0 - k*z**2 + 1. Determine p(-1).
-7
Suppose 31 - 37 = -6*o. Let q(z) be the first derivative of 3*z**2 - 1. Determine q(o).
6
Let z(m) = -4*m**2 - 4*m - 2. Let a(x) = 3*x**2 + 5*x + 2. Let f(j) = -3*a(j) - 2*z(j). Calculate f(-7).
-2
Let m = 20 + -22. Let n(c) = -2 - 4*c + 2. Give n(m).
8
Let l(j) = -j**3 + 2*j**2 - j + 2. Let x(y) = 2*y**2 - 5*y - 1. Let s be x(3). Give l(s).
0
Let s(n) = -9*n + 7*n + n - n. Calculate s(2).
-4
Let f = -68 - -66. Let c(o) = o - 2. Calculate c(f).
-4
Let m(a) = -2*a**3 - 1 + 0*a**3 + 2*a - 2*a**2 - 3*a. Give m(-2).
9
Suppose 9 = -3*g, 0 = 3*k - 5*g + 2*g - 9. Let i = -2 + k. Let o(u) = -3*u**2 + 4 + 2*u**2 + 2*u - 1. Determine o(i).
-5
Let o(w) = -w - 12. Let y = 41 + -41. Calculate o(y).
-12
Let i(r) be the third derivative of r**6/120 + r**5/12 - r**4/4 + r**3/3 - r**2. Let a be i(-6). Let j(v) = a*v - v**2 - 4*v - 3 + 2*v - 4*v. What is j(-4)?
-3
Let m be 2 - 1 - (-16 - -15). Let z(y) be the third derivative of -5/24*y**4 + 1/2*y**3 - 1/120*y**6 + 1/10*y**5 + 4*y**m + 0*y + 0. What is z(5)?
3
Suppose 4*b = b + 3. Suppose 0 = -n + 6 - b. Let s(z) = -z**3 + 4*z**2 + 6*z - 1. Calculate s(n).
4
Let r = 5 + -2. Let v(z) = -r + 3 - z. Let q be v(-1). Let y(f) = 2*f**2 - f. Determine y(q).
1
Let p(d) = -2*d - 1. Let j(v) = -v**3 - v**2 - 2*v - 1. Let m be (-4)/(-2)*(-2)/4. Let z be j(m). Give p(z).
-3
Suppose f - 9 = -2*n, -5*n = -4*f + 7 - 23. Let z(o) = f + 0*o - o**2 + 4*o - 2. Calculate z(3).
2
Suppose -5 = 4*s + 11. Let x(c) = 2*c + 2. Determine x(s).
-6
Let o(d) = 6*d + 1. Let z(f) = 9 - f + 1 - 3. Let k be z(6). Give o(k).
7
Let s = -2 + 3. Let k = s + -2. Let a(y) = 17*y**3 - 13*y**2. Let l(c) = 9*c**3 - 7*c**2. Let x(h) = -6*a(h) + 11*l(h). Give x(k).
4
Let n(j) = -j**3 - 4*j**2 - j - 1. Let b(g) = -2*g + 8. Let p = 14 + -8. Let z be b(p). Calculate n(z).
3
Let j(l) = -l**2 - l. Let n be j(-2). Let f = 4 + n. Let g(k) = 4 - 2*k**2 - 4*k - k**3 - 2*k**2 + 7*k**f. Determine g(3).
-8
Let h = -12 + 17. Let f(g) = g**2 - 5*g + 4. What is f(h)?
4
Let w(n) = 4*n**3 + 2*n**2 + 2*n + 1. Suppose -4*a + 0*x - 4*x + 20 = 0, 0 = -2*a + 5*x - 11. Suppose a = 3*p + 5. Give w(p).
-3
Let i(y) = -y**3 + 7*y**2 - 6*y + 8. Let l(a) = -a**3 + 8*a**2 - 6*a - 1. Let b be l(7). Let t be -2 + b + (-2)/(-1). Give i(t).
8
Let d be 3 - (-2)/(2/(-3)). Let t(i) = -2*i + d*i + 2 + i**2 - 1. What is t(2)?
1
Let o(j) be the first derivative of -j**2/2 + 9*j - 39. Determine o(8).
1
Let v(p) = -7*p**3 - 5*p**2 + 8*p + 1. Let f(d) = 20*d**3 + 14*d**2 - 23*d - 3. Let l(k) = 6*f(k) + 17*v(k). Calculate l(-1).
-1
Let z(y) = y**2 + 10*y + 7. Let i be z(-9). Let g be (i + 4)*1 + 1. Let p(j) = -2*j. Give p(g).
-6
Let l(q) = -q**3 - q**2 - 1. Suppose -12 = 3*v - 30. Let s(i) = -i**2 + 6*i - 2. Let t be s(v). Give l(t).
3
Let s(u) = 8*u**3 - u**2 - u + 1. Let x = 0 + 1. Give s(x).
7
Suppose j - 12 + 5 = 2*f, -4*f - 13 = -3*j. Let n(d) = 4*d + 1. Give n(j).
-3
Let l(h) = 2*h**2 + 3*h - 23. Let w(p) = -p**2 - p + 12. Let b(c) = -3*l(c) - 5*w(c). Calculate b(-7).
-12
Let l(s) = -s**3 - 6*s**2 + 8*s - 5. Let d be (-744)/108 - 1/9. Determine l(d).
-12
Let t(a) = 4*a**3 - 4*a**2 + 7*a + 12. Let l(w) = 5*w**3 - 4*w**2 + 7*w + 13. Let x(d) = -5*l(d) + 6*t(d). Calculate x(-5).
-3
Let o = -3 + 8. Suppose 2*z = 3*z + 4*v + 18, o*v = -20. Let y(c) = 2*c - 2. What is y(z)?
-6
Let d(z) = z + 10. Let y(o) = o + 9. Let c(i) = 5*d(i) - 6*y(i). What is c(-6)?
2
Let t(z) be the first derivative of z**3/3 + 4*z**2 + z + 12. What is t(-8)?
1
Let d = 19 - 19. Let m(l) = -l**3 + l**2 + l + 1. Let f(i) = i**3 - i**2 - i. Let c(g) = 3*f(g) + 2*m(g). Give c(d).
2
Let s(y) = 4*y - 2*y + 2 - 9. Let p be 74/14 - (-2)/(-7). Determine s(p).
3
Let m = -11 + 9. Let b(p) = -p**3 - p**2 - 1. Let i be b(-2). Let l(c) = -1 - 4*c + 2*c**i - c**3 - 2 - c**2. Calculate l(m).
-7
Let f(a) = 2*a + 1. Let d be (-1*(-21)/(-6))/(3/6). Determine f(d).
-13
Let x(q) = -q**2 + 5*q + 2. Suppose -4*o + 3*w + 20 = -2*o, 3*w = -4*o + 4. Calculate x(o).
6
Let k(z) = -2*z**3 + 7*z**2 - 5*z + 10. Let p be k(3). Let n(t) = -t**2 + 4*t + 1. Determine n(p).
1
Let y(s) = 2*s - 2. Suppose 3*f - t + 2 = 4*f, 3*f = 4*t + 13. Determine y(f).
4
Let j(n) = 1 - n + n**3 - 3*n + 4*n**2 + 0*n. Determine j(-5).
-4
Let h(t) be the first derivative of t**4/4 - 